{"id":2628,"date":"2021-03-12T14:17:23","date_gmt":"2021-03-12T13:17:23","guid":{"rendered":"http:\/\/www.amisdeportroyal.org\/societe\/?page_id=2628"},"modified":"2021-11-26T15:16:42","modified_gmt":"2021-11-26T14:16:42","slug":"les-minutes-de-port-royal-videos","status":"publish","type":"page","link":"https:\/\/www.amisdeportroyal.org\/societe\/index.php\/les-minutes-de-port-royal-videos\/","title":{"rendered":"Les Minutes de Port-Royal (vid\u00e9os)"},"content":{"rendered":"<p>Cette cha\u00eene diffuse des vid\u00e9os relatives \u00e0 l&rsquo;abbaye de Port-Royal, \u00e0 son histoire et \u00e0 son groupe &#8211; \u00ab\u00a0Messieurs de Port-Royal\u00a0\u00bb, grandes dames, \u00e9crivains et artistes qui lui furent li\u00e9s: Pascal, Racine, Philippe de Champaigne, Mme de Lafayette, etc. Elle prend \u00e9galement en compte sa post\u00e9rit\u00e9 jusqu&rsquo;au XXIe si\u00e8cle.<\/p>\n<p><strong>Lien vers la cha\u00eene des Minutes<\/strong><br \/>\n<a href=\"https:\/\/www.youtube.com\/user\/AmisDePortRoyal\/videos?view=0&amp;sort=da&amp;flow=grid\">https:\/\/www.youtube.com\/user\/AmisDePortRoyal\/videos?view=0&amp;sort=da&amp;flow=grid<\/a><\/p>\n<p><strong>Acc\u00e8s aux play<\/strong><\/p>\n<ul>\n<li><a href=\"https:\/\/youtube.com\/playlist?list=PLT_wT4hDEMOkuEuPhJCtsp0VL9cmFHf-C\" target=\"_blank\" rel=\"noopener\" data-saferedirecturl=\"https:\/\/www.google.com\/url?q=https:\/\/youtube.com\/playlist?list%3DPLT_wT4hDEMOkuEuPhJCtsp0VL9cmFHf-C&amp;source=gmail&amp;ust=1638014419260000&amp;usg=AOvVaw2mOJVw1gVa2xAjhthUr2ET\"><b>Introduction \u00e0 Port-Royal<\/b><\/a><br \/>\n<a href=\"https:\/\/youtube.com\/playlist?list=PLT_wT4hDEMOkuEuPhJCtsp0VL9cmFHf-C\" target=\"_blank\" rel=\"noopener\" data-saferedirecturl=\"https:\/\/www.google.com\/url?q=https:\/\/youtube.com\/playlist?list%3DPLT_wT4hDEMOkuEuPhJCtsp0VL9cmFHf-C&amp;source=gmail&amp;ust=1638014419260000&amp;usg=AOvVaw2mOJVw1gVa2xAjhthUr2ET\">https:\/\/youtube.com\/playlist?<wbr \/>list=PLT_<wbr \/>wT4hDEMOkuEuPhJCtsp0VL9cmFHf-C<\/a><\/li>\n<li><a href=\"https:\/\/youtube.com\/playlist?list=PLT_wT4hDEMOn846fC1BnIc0wuxHrVYitG\" target=\"_blank\" rel=\"noopener\" data-saferedirecturl=\"https:\/\/www.google.com\/url?q=https:\/\/youtube.com\/playlist?list%3DPLT_wT4hDEMOn846fC1BnIc0wuxHrVYitG&amp;source=gmail&amp;ust=1638014419260000&amp;usg=AOvVaw2XS3ynEUQfif5p6ElsoT9U\"><b>Grandes figures de Port-Royal<\/b><\/a><br \/>\n<a href=\"https:\/\/youtube.com\/playlist?list=PLT_wT4hDEMOn846fC1BnIc0wuxHrVYitG\" target=\"_blank\" rel=\"noopener\" data-saferedirecturl=\"https:\/\/www.google.com\/url?q=https:\/\/youtube.com\/playlist?list%3DPLT_wT4hDEMOn846fC1BnIc0wuxHrVYitG&amp;source=gmail&amp;ust=1638014419260000&amp;usg=AOvVaw2XS3ynEUQfif5p6ElsoT9U\">https:\/\/youtube.com\/playlist?<wbr \/>list=PLT_<wbr \/>wT4hDEMOn846fC1BnIc0wuxHrVYitG<\/a><\/li>\n<li><b><a href=\"https:\/\/youtube.com\/playlist?list=PLT_wT4hDEMOnslogvftlNNr_P0cPa8zLG\" target=\"_blank\" rel=\"noopener\" data-saferedirecturl=\"https:\/\/www.google.com\/url?q=https:\/\/youtube.com\/playlist?list%3DPLT_wT4hDEMOnslogvftlNNr_P0cPa8zLG&amp;source=gmail&amp;ust=1638014419260000&amp;usg=AOvVaw1ct2SvvHK6p0_Gn3wttQoM\">Religieuses et religion \u00e0 Port-Royal<\/a><br \/>\n<\/b><a href=\"https:\/\/youtube.com\/playlist?list=PLT_wT4hDEMOnslogvftlNNr_P0cPa8zLG\" target=\"_blank\" rel=\"noopener\" data-saferedirecturl=\"https:\/\/www.google.com\/url?q=https:\/\/youtube.com\/playlist?list%3DPLT_wT4hDEMOnslogvftlNNr_P0cPa8zLG&amp;source=gmail&amp;ust=1638014419260000&amp;usg=AOvVaw1ct2SvvHK6p0_Gn3wttQoM\">https:\/\/youtube.com\/playlist?<wbr \/>list=PLT_wT4hDEMOnslogvftlNNr_<wbr \/>P0cPa8zLG<\/a><b><br \/>\n<\/b><\/li>\n<li><b><a href=\"https:\/\/youtube.com\/playlist?list=PLT_wT4hDEMOk1W7pP1KdZnaWOZPQA24aB\" target=\"_blank\" rel=\"noopener\" data-saferedirecturl=\"https:\/\/www.google.com\/url?q=https:\/\/youtube.com\/playlist?list%3DPLT_wT4hDEMOk1W7pP1KdZnaWOZPQA24aB&amp;source=gmail&amp;ust=1638014419260000&amp;usg=AOvVaw1NPUbXdQNBCa8gcNuqXqTF\">Vie et culture \u00e0 Port-Royal<\/a><br \/>\n<\/b><a href=\"https:\/\/youtube.com\/playlist?list=PLT_wT4hDEMOk1W7pP1KdZnaWOZPQA24aB\" target=\"_blank\" rel=\"noopener\" data-saferedirecturl=\"https:\/\/www.google.com\/url?q=https:\/\/youtube.com\/playlist?list%3DPLT_wT4hDEMOk1W7pP1KdZnaWOZPQA24aB&amp;source=gmail&amp;ust=1638014419260000&amp;usg=AOvVaw1NPUbXdQNBCa8gcNuqXqTF\">https:\/\/youtube.com\/playlist?<wbr \/>list=PLT_<wbr \/>wT4hDEMOk1W7pP1KdZnaWOZPQA24aB<\/a><\/li>\n<li><b><a href=\"https:\/\/youtube.com\/playlist?list=PLT_wT4hDEMOkZv_FzTthzSrPz29UiAkur\" target=\"_blank\" rel=\"noopener\" data-saferedirecturl=\"https:\/\/www.google.com\/url?q=https:\/\/youtube.com\/playlist?list%3DPLT_wT4hDEMOkZv_FzTthzSrPz29UiAkur&amp;source=gmail&amp;ust=1638014419260000&amp;usg=AOvVaw22b8OhyxAnS2M_6FcaXnzH\">Pascal<\/a><br \/>\n<\/b><a href=\"https:\/\/youtube.com\/playlist?list=PLT_wT4hDEMOkZv_FzTthzSrPz29UiAkur\" target=\"_blank\" rel=\"noopener\" data-saferedirecturl=\"https:\/\/www.google.com\/url?q=https:\/\/youtube.com\/playlist?list%3DPLT_wT4hDEMOkZv_FzTthzSrPz29UiAkur&amp;source=gmail&amp;ust=1638014419260000&amp;usg=AOvVaw22b8OhyxAnS2M_6FcaXnzH\">https:\/\/youtube.com\/playlist?<wbr \/>list=PLT_wT4hDEMOkZv_<wbr \/>FzTthzSrPz29UiAkur<\/a><b><br \/>\n<\/b><\/li>\n<li><b><a href=\"https:\/\/youtube.com\/playlist?list=PLT_wT4hDEMOlFY7ZlzUETIqLgI4xAHLpF\" target=\"_blank\" rel=\"noopener\" data-saferedirecturl=\"https:\/\/www.google.com\/url?q=https:\/\/youtube.com\/playlist?list%3DPLT_wT4hDEMOlFY7ZlzUETIqLgI4xAHLpF&amp;source=gmail&amp;ust=1638014419260000&amp;usg=AOvVaw24cvpQlzRmUorJ-BTlSy6N\">Philippe de Champaigne<\/a><br \/>\n<\/b><a href=\"https:\/\/youtube.com\/playlist?list=PLT_wT4hDEMOlFY7ZlzUETIqLgI4xAHLpF\" target=\"_blank\" rel=\"noopener\" data-saferedirecturl=\"https:\/\/www.google.com\/url?q=https:\/\/youtube.com\/playlist?list%3DPLT_wT4hDEMOlFY7ZlzUETIqLgI4xAHLpF&amp;source=gmail&amp;ust=1638014419260000&amp;usg=AOvVaw24cvpQlzRmUorJ-BTlSy6N\">https:\/\/youtube.com\/playlist?<wbr \/>list=PLT_<wbr \/>wT4hDEMOlFY7ZlzUETIqLgI4xAHLpF<\/a><\/li>\n<li><b><a href=\"https:\/\/youtube.com\/playlist?list=PLT_wT4hDEMOlocwzoZuIUfI7TAC9JoSnD\" target=\"_blank\" rel=\"noopener\" data-saferedirecturl=\"https:\/\/www.google.com\/url?q=https:\/\/youtube.com\/playlist?list%3DPLT_wT4hDEMOlocwzoZuIUfI7TAC9JoSnD&amp;source=gmail&amp;ust=1638014419260000&amp;usg=AOvVaw0f8NoGhaEGNleRyf_x7Mw8\">Echos litt\u00e9raires de Port-Royal<\/a><br \/>\n<\/b><a href=\"https:\/\/youtube.com\/playlist?list=PLT_wT4hDEMOlocwzoZuIUfI7TAC9JoSnD\" target=\"_blank\" rel=\"noopener\" data-saferedirecturl=\"https:\/\/www.google.com\/url?q=https:\/\/youtube.com\/playlist?list%3DPLT_wT4hDEMOlocwzoZuIUfI7TAC9JoSnD&amp;source=gmail&amp;ust=1638014419260000&amp;usg=AOvVaw0f8NoGhaEGNleRyf_x7Mw8\">https:\/\/youtube.com\/playlist?<wbr \/>list=PLT_<wbr \/>wT4hDEMOlocwzoZuIUfI7TAC9JoSnD<\/a><b><br \/>\n<\/b><\/li>\n<li><b><a href=\"https:\/\/youtube.com\/playlist?list=PLT_wT4hDEMOk915ZnDP6UpW6IFwnKHsdu\" target=\"_blank\" rel=\"noopener\" data-saferedirecturl=\"https:\/\/www.google.com\/url?q=https:\/\/youtube.com\/playlist?list%3DPLT_wT4hDEMOk915ZnDP6UpW6IFwnKHsdu&amp;source=gmail&amp;ust=1638014419261000&amp;usg=AOvVaw2qfhIZjPE9fGqKYX4qwFdX\">La musique \u00e0 Port-Royal<\/a><br \/>\n<\/b><a href=\"https:\/\/youtube.com\/playlist?list=PLT_wT4hDEMOk915ZnDP6UpW6IFwnKHsdu\" target=\"_blank\" rel=\"noopener\" data-saferedirecturl=\"https:\/\/www.google.com\/url?q=https:\/\/youtube.com\/playlist?list%3DPLT_wT4hDEMOk915ZnDP6UpW6IFwnKHsdu&amp;source=gmail&amp;ust=1638014419261000&amp;usg=AOvVaw2qfhIZjPE9fGqKYX4qwFdX\">https:\/\/youtube.com\/playlist?<wbr \/>list=PLT_<wbr \/>wT4hDEMOk915ZnDP6UpW6IFwnKHsdu<\/a><\/li>\n<li><b><a href=\"https:\/\/youtube.com\/playlist?list=PLT_wT4hDEMOn-tILZZ-NMkB0EPIDhlfof\" target=\"_blank\" rel=\"noopener\" data-saferedirecturl=\"https:\/\/www.google.com\/url?q=https:\/\/youtube.com\/playlist?list%3DPLT_wT4hDEMOn-tILZZ-NMkB0EPIDhlfof&amp;source=gmail&amp;ust=1638014419261000&amp;usg=AOvVaw3BWqsi1-QampgJ18nsPNEl\">La m\u00e9moire de Port-Royal<\/a><br \/>\n<\/b><a href=\"https:\/\/youtube.com\/playlist?list=PLT_wT4hDEMOn-tILZZ-NMkB0EPIDhlfof\" target=\"_blank\" rel=\"noopener\" data-saferedirecturl=\"https:\/\/www.google.com\/url?q=https:\/\/youtube.com\/playlist?list%3DPLT_wT4hDEMOn-tILZZ-NMkB0EPIDhlfof&amp;source=gmail&amp;ust=1638014419261000&amp;usg=AOvVaw3BWqsi1-QampgJ18nsPNEl\">https:\/\/youtube.com\/playlist?<wbr \/>list=PLT_wT4hDEMOn-tILZZ-<wbr \/>NMkB0EPIDhlfof<\/a><\/li>\n<li><b><a href=\"https:\/\/youtube.com\/playlist?list=PLT_wT4hDEMOmxBnJKnSYr6TZydzRrsueV\" target=\"_blank\" rel=\"noopener\" data-saferedirecturl=\"https:\/\/www.google.com\/url?q=https:\/\/youtube.com\/playlist?list%3DPLT_wT4hDEMOmxBnJKnSYr6TZydzRrsueV&amp;source=gmail&amp;ust=1638014419261000&amp;usg=AOvVaw34oMWSeN7N0uTVFSrKCou0\">Les lieux de Port-Royal<\/a><br \/>\n<\/b><a href=\"https:\/\/youtube.com\/playlist?list=PLT_wT4hDEMOmxBnJKnSYr6TZydzRrsueV\" target=\"_blank\" rel=\"noopener\" data-saferedirecturl=\"https:\/\/www.google.com\/url?q=https:\/\/youtube.com\/playlist?list%3DPLT_wT4hDEMOmxBnJKnSYr6TZydzRrsueV&amp;source=gmail&amp;ust=1638014419261000&amp;usg=AOvVaw34oMWSeN7N0uTVFSrKCou0\">https:\/\/youtube.com\/playlist?<wbr \/>list=PLT_<wbr \/>wT4hDEMOmxBnJKnSYr6TZydzRrsueV<\/a><\/li>\n<\/ul>\n<p><strong>Liste des quinze derni\u00e8res vid\u00e9os<\/strong><\/p>\n<p>[wp-rss-aggregator feeds=\u00a0\u00bbles-minutes-de-port-royal-chaine-youtube\u00a0\u00bb]<\/p>\n","protected":false},"excerpt":{"rendered":"<p>Cette cha\u00eene diffuse des vid\u00e9os relatives \u00e0 l&rsquo;abbaye de Port-Royal, \u00e0 son histoire et \u00e0 son groupe &#8211; \u00ab\u00a0Messieurs de Port-Royal\u00a0\u00bb, grandes dames, \u00e9crivains et artistes qui lui furent li\u00e9s: Pascal, Racine, Philippe de Champaigne, Mme de Lafayette, etc. Elle &hellip; <a href=\"https:\/\/www.amisdeportroyal.org\/societe\/index.php\/les-minutes-de-port-royal-videos\/\">Continuer la lecture <span class=\"meta-nav\">&rarr;<\/span><\/a><\/p>\n","protected":false},"author":1,"featured_media":0,"parent":0,"menu_order":0,"comment_status":"closed","ping_status":"closed","template":"","meta":[],"categories":[46],"tags":[],"_links":{"self":[{"href":"https:\/\/www.amisdeportroyal.org\/societe\/index.php\/wp-json\/wp\/v2\/pages\/2628"}],"collection":[{"href":"https:\/\/www.amisdeportroyal.org\/societe\/index.php\/wp-json\/wp\/v2\/pages"}],"about":[{"href":"https:\/\/www.amisdeportroyal.org\/societe\/index.php\/wp-json\/wp\/v2\/types\/page"}],"author":[{"embeddable":true,"href":"https:\/\/www.amisdeportroyal.org\/societe\/index.php\/wp-json\/wp\/v2\/users\/1"}],"replies":[{"embeddable":true,"href":"https:\/\/www.amisdeportroyal.org\/societe\/index.php\/wp-json\/wp\/v2\/comments?post=2628"}],"version-history":[{"count":8,"href":"https:\/\/www.amisdeportroyal.org\/societe\/index.php\/wp-json\/wp\/v2\/pages\/2628\/revisions"}],"predecessor-version":[{"id":2894,"href":"https:\/\/www.amisdeportroyal.org\/societe\/index.php\/wp-json\/wp\/v2\/pages\/2628\/revisions\/2894"}],"wp:attachment":[{"href":"https:\/\/www.amisdeportroyal.org\/societe\/index.php\/wp-json\/wp\/v2\/media?parent=2628"}],"wp:term":[{"taxonomy":"category","embeddable":true,"href":"https:\/\/www.amisdeportroyal.org\/societe\/index.php\/wp-json\/wp\/v2\/categories?post=2628"},{"taxonomy":"post_tag","embeddable":true,"href":"https:\/\/www.amisdeportroyal.org\/societe\/index.php\/wp-json\/wp\/v2\/tags?post=2628"}],"curies":[{"name":"wp","href":"https:\/\/api.w.org\/{rel}","templated":true}]}}