{"id":24,"date":"2014-12-22T21:24:18","date_gmt":"2014-12-22T20:24:18","guid":{"rendered":"http:\/\/www.amisdeportroyal.org\/societe\/index.php\/2014\/12\/22\/le-genie-du-lieu\/"},"modified":"2019-02-26T11:44:59","modified_gmt":"2019-02-26T10:44:59","slug":"le-genie-du-lieu","status":"publish","type":"page","link":"https:\/\/www.amisdeportroyal.org\/societe\/index.php\/le-genie-du-lieu\/","title":{"rendered":"Le g\u00e9nie du lieu"},"content":{"rendered":"<blockquote><p>L&rsquo;\u00e9tang<\/p>\n<p>Saintes demeures du silence,<br \/>\nLieux pleins de charmes et d&rsquo;attraits,<br \/>\nPar o\u00f9, dans le sein de la paix,<br \/>\nR\u00e8gne la gr\u00e2ce et l&rsquo;innocence&#8230;<\/p>\n<p>(Jean Racine, <em>Le Paysage de Port-Royal<\/em>,<br \/>\n1656, \u00ab\u00a0Ode premi\u00e8re\u00a0\u00bb)<\/p><\/blockquote>\n<h2>Un lieu o\u00f9 souffle l&rsquo;Esprit&#8230;<\/h2>\n<p>Tout proche de Paris, Port-Royal, si \u00e9loquemment c\u00e9l\u00e9br\u00e9 par Racine lorsqu&rsquo;il y fut \u00e9l\u00e8ve, est un des plus beaux sites d&rsquo;\u00cele-de-France, un lieu o\u00f9 souffle l&rsquo;esprit, un lieu de paix, de solitude et de silence, un lieu o\u00f9 s&rsquo;instruire, r\u00eaver et m\u00e9diter. Lieu de r\u00e9flexion et de r\u00eaverie, le domaine des Granges est entour\u00e9 d&rsquo;un tr\u00e8s beau parc de 10 ha, \u00e0 l&rsquo;or\u00e9e de la Vall\u00e9e de Chevreuse. Il domine les ruines de l&rsquo;abbaye de Port-Royal, ras\u00e9e sur l&rsquo;ordre de Louis XIV en 1711. Mais le site demeure charg\u00e9 d&rsquo;histoire, en particulier gr\u00e2ce au Mus\u00e9e National des Granges de Port-Royal.<\/p>\n<p>Le lieu bruit encore du fracas de l&rsquo;histoire, des invectives d&rsquo;Arnauld, du cr\u00e9pitement de l&rsquo;incendie qui d\u00e9vora tout, tout sauf le souvenir de ce que fut ce lieu, de ce qu&rsquo;ont \u00e9t\u00e9 l&rsquo;abbaye, les Granges, les \u00c9coles. L&rsquo;esprit de Port-Royal, ce n&rsquo;est en rien l&rsquo;aust\u00e9rit\u00e9 froide ou la d\u00e9ploration asc\u00e9tique: c&rsquo;est plut\u00f4t le souci des pauvres, le refus du clinquant et du faux brillant, le go\u00fbt des valeurs solides, et la passion de la v\u00e9rit\u00e9, f\u00fbt-elle d\u00e9sagr\u00e9able \u00e0 entendre ou difficile \u00e0 atteindre.<\/p>\n<p>Port-Royal ne fut pas seulement le foyer d&rsquo;une intense r\u00e9flexion th\u00e9ologique: sa m\u00e9moire d\u00e9borde de toutes parts les controverses sur le jans\u00e9nisme. La puret\u00e9 de la r\u00e9sistance \u00e0 la tyrannie, l&rsquo;affirmation des droits de l&rsquo;intelligence et de la conscience ont contribu\u00e9 \u00e0 la naissance d&rsquo;un lumineux mythe de Port-Royal. Ce mythe est aussi, sinon avant tout, litt\u00e9raire, et \u00e0 plus d&rsquo;un titre.<\/p>\n<p>D&rsquo;abord parce que l&rsquo;abbaye et ses alentours ont abrit\u00e9 des \u00e9crivains, des traducteurs et des hommes d&rsquo;esprit. Le monast\u00e8re des Champs a abrit\u00e9 une intense activit\u00e9 de d\u00e9fense et illustration de la foi catholique: \u0153uvres th\u00e9ologiques, biographiques, grandes traductions qui firent date, comme par exemple celle de la Bible. Parmi ces intellectuels, les plus marquants, dont les \u0153uvres restent pour nous majeures, sont Pascal et Racine, qui, sans Port-Royal, n&rsquo;auraient pu \u00eatre ce qu&rsquo;ils sont devenus.<\/p>\n<p>Mais aussi parce que la m\u00e9moire de Port-Royal a \u00e9t\u00e9 illustr\u00e9e et c\u00e9l\u00e9br\u00e9e par de grands esprits qui, influenc\u00e9s par la l\u00e9gende, contribu\u00e8rent \u00e0 leur tour \u00e0 la d\u00e9velopper. Stendhal, Sainte-Beuve ou Montherlant ont \u00e9t\u00e9 les relais, les passeurs qui rendent si vivante aujourd&rsquo;hui encore la m\u00e9moire de Port-Royal.<\/p>\n<div id='gallery-1' class='gallery galleryid-24 gallery-columns-3 gallery-size-thumbnail'><dl class='gallery-item'>\n\t\t\t<dt class='gallery-icon landscape'>\n\t\t\t\t<a href='https:\/\/www.amisdeportroyal.org\/societe\/wp-content\/uploads\/2010\/04\/vue_generale.jpg'><img width=\"140\" height=\"140\" src=\"https:\/\/www.amisdeportroyal.org\/societe\/wp-content\/uploads\/2010\/04\/vue_generale-150x150.jpg\" class=\"attachment-thumbnail size-thumbnail\" alt=\"Vue g\u00e9n\u00e9rale (de nos jours)\" decoding=\"async\" loading=\"lazy\" aria-describedby=\"gallery-1-25\" \/><\/a>\n\t\t\t<\/dt>\n\t\t\t\t<dd class='wp-caption-text gallery-caption' id='gallery-1-25'>\n\t\t\t\tVue g\u00e9n\u00e9rale (de nos jours)\n\t\t\t\t<\/dd><\/dl><dl class='gallery-item'>\n\t\t\t<dt class='gallery-icon landscape'>\n\t\t\t\t<a href='https:\/\/www.amisdeportroyal.org\/societe\/wp-content\/uploads\/2010\/04\/vue_port-royal.jpg'><img width=\"140\" height=\"140\" src=\"https:\/\/www.amisdeportroyal.org\/societe\/wp-content\/uploads\/2010\/04\/vue_port-royal-150x150.jpg\" class=\"attachment-thumbnail size-thumbnail\" alt=\"Vue g\u00e9n\u00e9rale (d\u00e9but XVIIIe)\" decoding=\"async\" loading=\"lazy\" aria-describedby=\"gallery-1-27\" \/><\/a>\n\t\t\t<\/dt>\n\t\t\t\t<dd class='wp-caption-text gallery-caption' id='gallery-1-27'>\n\t\t\t\tVue g\u00e9n\u00e9rale (d\u00e9but XVIIIe)\n\t\t\t\t<\/dd><\/dl><dl class='gallery-item'>\n\t\t\t<dt class='gallery-icon portrait'>\n\t\t\t\t<a href='https:\/\/www.amisdeportroyal.org\/societe\/wp-content\/uploads\/2010\/04\/vue_pr_vaumurier.jpg'><img width=\"140\" height=\"140\" src=\"https:\/\/www.amisdeportroyal.org\/societe\/wp-content\/uploads\/2010\/04\/vue_pr_vaumurier-150x150.jpg\" class=\"attachment-thumbnail size-thumbnail\" alt=\"Vue depuis Vaumurier\" decoding=\"async\" loading=\"lazy\" aria-describedby=\"gallery-1-29\" \/><\/a>\n\t\t\t<\/dt>\n\t\t\t\t<dd class='wp-caption-text gallery-caption' id='gallery-1-29'>\n\t\t\t\tVue depuis Vaumurier\n\t\t\t\t<\/dd><\/dl><br style=\"clear: both\" \/><dl class='gallery-item'>\n\t\t\t<dt class='gallery-icon landscape'>\n\t\t\t\t<a href='https:\/\/www.amisdeportroyal.org\/societe\/wp-content\/uploads\/2011\/01\/exterieur_granges_2_etang.jpg'><img width=\"140\" height=\"140\" src=\"https:\/\/www.amisdeportroyal.org\/societe\/wp-content\/uploads\/2011\/01\/exterieur_granges_2_etang-150x150.jpg\" class=\"attachment-thumbnail size-thumbnail\" alt=\"L&#039;\u00e9tang\" decoding=\"async\" loading=\"lazy\" aria-describedby=\"gallery-1-159\" \/><\/a>\n\t\t\t<\/dt>\n\t\t\t\t<dd class='wp-caption-text gallery-caption' id='gallery-1-159'>\n\t\t\t\tL&rsquo;\u00e9tang\n\t\t\t\t<\/dd><\/dl><dl class='gallery-item'>\n\t\t\t<dt class='gallery-icon landscape'>\n\t\t\t\t<a href='https:\/\/www.amisdeportroyal.org\/societe\/wp-content\/uploads\/2011\/01\/jardins_3.jpg'><img width=\"140\" height=\"140\" src=\"https:\/\/www.amisdeportroyal.org\/societe\/wp-content\/uploads\/2011\/01\/jardins_3-150x150.jpg\" class=\"attachment-thumbnail size-thumbnail\" alt=\"Vue des jardins (en cours de restauration)\" decoding=\"async\" loading=\"lazy\" aria-describedby=\"gallery-1-167\" \/><\/a>\n\t\t\t<\/dt>\n\t\t\t\t<dd class='wp-caption-text gallery-caption' id='gallery-1-167'>\n\t\t\t\tVue des jardins (en cours de restauration)\n\t\t\t\t<\/dd><\/dl><dl class='gallery-item'>\n\t\t\t<dt class='gallery-icon portrait'>\n\t\t\t\t<a href='https:\/\/www.amisdeportroyal.org\/societe\/wp-content\/uploads\/2011\/01\/exterieur_granges_3_puits.jpg'><img width=\"140\" height=\"140\" src=\"https:\/\/www.amisdeportroyal.org\/societe\/wp-content\/uploads\/2011\/01\/exterieur_granges_3_puits-150x150.jpg\" class=\"attachment-thumbnail size-thumbnail\" alt=\"Le puits de Pascal\" decoding=\"async\" loading=\"lazy\" aria-describedby=\"gallery-1-158\" \/><\/a>\n\t\t\t<\/dt>\n\t\t\t\t<dd class='wp-caption-text gallery-caption' id='gallery-1-158'>\n\t\t\t\tLe puits de Pascal\n\t\t\t\t<\/dd><\/dl><br style=\"clear: both\" \/><dl class='gallery-item'>\n\t\t\t<dt class='gallery-icon landscape'>\n\t\t\t\t<a href='https:\/\/www.amisdeportroyal.org\/societe\/wp-content\/uploads\/2010\/12\/puits_de_pascal.jpg'><img width=\"140\" height=\"140\" src=\"https:\/\/www.amisdeportroyal.org\/societe\/wp-content\/uploads\/2010\/12\/puits_de_pascal-150x150.jpg\" class=\"attachment-thumbnail size-thumbnail\" alt=\"Le puits de Pascal\" decoding=\"async\" loading=\"lazy\" aria-describedby=\"gallery-1-100\" \/><\/a>\n\t\t\t<\/dt>\n\t\t\t\t<dd class='wp-caption-text gallery-caption' id='gallery-1-100'>\n\t\t\t\tLe puits de Pascal\n\t\t\t\t<\/dd><\/dl><dl class='gallery-item'>\n\t\t\t<dt class='gallery-icon landscape'>\n\t\t\t\t<a href='https:\/\/www.amisdeportroyal.org\/societe\/wp-content\/uploads\/2011\/01\/exterieur_granges_1_cour.jpg'><img width=\"140\" height=\"140\" src=\"https:\/\/www.amisdeportroyal.org\/societe\/wp-content\/uploads\/2011\/01\/exterieur_granges_1_cour-150x150.jpg\" class=\"attachment-thumbnail size-thumbnail\" alt=\"Vue de la cour carr\u00e9e\" decoding=\"async\" loading=\"lazy\" aria-describedby=\"gallery-1-157\" \/><\/a>\n\t\t\t<\/dt>\n\t\t\t\t<dd class='wp-caption-text gallery-caption' id='gallery-1-157'>\n\t\t\t\tVue de la cour carr\u00e9e\n\t\t\t\t<\/dd><\/dl><dl class='gallery-item'>\n\t\t\t<dt class='gallery-icon landscape'>\n\t\t\t\t<a href='https:\/\/www.amisdeportroyal.org\/societe\/wp-content\/uploads\/2011\/01\/interieur_musee_1.jpg'><img width=\"140\" height=\"140\" src=\"https:\/\/www.amisdeportroyal.org\/societe\/wp-content\/uploads\/2011\/01\/interieur_musee_1-150x150.jpg\" class=\"attachment-thumbnail size-thumbnail\" alt=\"30. Une salle du mus\u00e9e\" decoding=\"async\" loading=\"lazy\" aria-describedby=\"gallery-1-164\" \/><\/a>\n\t\t\t<\/dt>\n\t\t\t\t<dd class='wp-caption-text gallery-caption' id='gallery-1-164'>\n\t\t\t\t30. Une salle du mus\u00e9e\n\t\t\t\t<\/dd><\/dl><br style=\"clear: both\" \/><dl class='gallery-item'>\n\t\t\t<dt class='gallery-icon landscape'>\n\t\t\t\t<a href='https:\/\/www.amisdeportroyal.org\/societe\/wp-content\/uploads\/2011\/01\/exterieur_musee_2.jpg'><img width=\"140\" height=\"140\" src=\"https:\/\/www.amisdeportroyal.org\/societe\/wp-content\/uploads\/2011\/01\/exterieur_musee_2-150x150.jpg\" class=\"attachment-thumbnail size-thumbnail\" alt=\"20. Vue depuis le perron\" decoding=\"async\" loading=\"lazy\" aria-describedby=\"gallery-1-163\" \/><\/a>\n\t\t\t<\/dt>\n\t\t\t\t<dd class='wp-caption-text gallery-caption' id='gallery-1-163'>\n\t\t\t\t20. Vue depuis le perron\n\t\t\t\t<\/dd><\/dl><dl class='gallery-item'>\n\t\t\t<dt class='gallery-icon landscape'>\n\t\t\t\t<a href='https:\/\/www.amisdeportroyal.org\/societe\/wp-content\/uploads\/2011\/01\/exterieur_musee_3.jpg'><img width=\"140\" height=\"140\" src=\"https:\/\/www.amisdeportroyal.org\/societe\/wp-content\/uploads\/2011\/01\/exterieur_musee_3-150x150.jpg\" class=\"attachment-thumbnail size-thumbnail\" alt=\"10. La fa\u00e7ade du mus\u00e9e\" decoding=\"async\" loading=\"lazy\" aria-describedby=\"gallery-1-162\" \/><\/a>\n\t\t\t<\/dt>\n\t\t\t\t<dd class='wp-caption-text gallery-caption' id='gallery-1-162'>\n\t\t\t\t10. La fa\u00e7ade du mus\u00e9e\n\t\t\t\t<\/dd><\/dl><dl class='gallery-item'>\n\t\t\t<dt class='gallery-icon landscape'>\n\t\t\t\t<a href='https:\/\/www.amisdeportroyal.org\/societe\/wp-content\/uploads\/2010\/04\/interieur_musee.jpg'><img width=\"140\" height=\"125\" src=\"https:\/\/www.amisdeportroyal.org\/societe\/wp-content\/uploads\/2010\/04\/interieur_musee-150x134.jpg\" class=\"attachment-thumbnail size-thumbnail\" alt=\"L&#039;int\u00e9rieur du Mus\u00e9e\" decoding=\"async\" loading=\"lazy\" aria-describedby=\"gallery-1-14\" \/><\/a>\n\t\t\t<\/dt>\n\t\t\t\t<dd class='wp-caption-text gallery-caption' id='gallery-1-14'>\n\t\t\t\tL&rsquo;int\u00e9rieur du Mus\u00e9e\n\t\t\t\t<\/dd><\/dl><br style=\"clear: both\" \/><dl class='gallery-item'>\n\t\t\t<dt class='gallery-icon landscape'>\n\t\t\t\t<a href='https:\/\/www.amisdeportroyal.org\/societe\/wp-content\/uploads\/2010\/04\/Musee.jpg'><img width=\"140\" height=\"140\" src=\"https:\/\/www.amisdeportroyal.org\/societe\/wp-content\/uploads\/2010\/04\/Musee-150x150.jpg\" class=\"attachment-thumbnail size-thumbnail\" alt=\"Le mus\u00e9e\" decoding=\"async\" loading=\"lazy\" aria-describedby=\"gallery-1-15\" \/><\/a>\n\t\t\t<\/dt>\n\t\t\t\t<dd class='wp-caption-text gallery-caption' id='gallery-1-15'>\n\t\t\t\tLe mus\u00e9e\n\t\t\t\t<\/dd><\/dl>\n\t\t\t<br style='clear: both' \/>\n\t\t<\/div>\n\n","protected":false},"excerpt":{"rendered":"<p>L&rsquo;\u00e9tang Saintes demeures du silence, Lieux pleins de charmes et d&rsquo;attraits, Par o\u00f9, dans le sein de la paix, R\u00e8gne la gr\u00e2ce et l&rsquo;innocence&#8230; (Jean Racine, Le Paysage de Port-Royal, 1656, \u00ab\u00a0Ode premi\u00e8re\u00a0\u00bb) Un lieu o\u00f9 souffle l&rsquo;Esprit&#8230; Tout proche &hellip; <a href=\"https:\/\/www.amisdeportroyal.org\/societe\/index.php\/le-genie-du-lieu\/\">Continuer la lecture <span class=\"meta-nav\">&rarr;<\/span><\/a><\/p>\n","protected":false},"author":1,"featured_media":25,"parent":0,"menu_order":0,"comment_status":"closed","ping_status":"open","template":"","meta":[],"categories":[7],"tags":[36],"_links":{"self":[{"href":"https:\/\/www.amisdeportroyal.org\/societe\/index.php\/wp-json\/wp\/v2\/pages\/24"}],"collection":[{"href":"https:\/\/www.amisdeportroyal.org\/societe\/index.php\/wp-json\/wp\/v2\/pages"}],"about":[{"href":"https:\/\/www.amisdeportroyal.org\/societe\/index.php\/wp-json\/wp\/v2\/types\/page"}],"author":[{"embeddable":true,"href":"https:\/\/www.amisdeportroyal.org\/societe\/index.php\/wp-json\/wp\/v2\/users\/1"}],"replies":[{"embeddable":true,"href":"https:\/\/www.amisdeportroyal.org\/societe\/index.php\/wp-json\/wp\/v2\/comments?post=24"}],"version-history":[{"count":8,"href":"https:\/\/www.amisdeportroyal.org\/societe\/index.php\/wp-json\/wp\/v2\/pages\/24\/revisions"}],"predecessor-version":[{"id":1879,"href":"https:\/\/www.amisdeportroyal.org\/societe\/index.php\/wp-json\/wp\/v2\/pages\/24\/revisions\/1879"}],"wp:featuredmedia":[{"embeddable":true,"href":"https:\/\/www.amisdeportroyal.org\/societe\/index.php\/wp-json\/wp\/v2\/media\/25"}],"wp:attachment":[{"href":"https:\/\/www.amisdeportroyal.org\/societe\/index.php\/wp-json\/wp\/v2\/media?parent=24"}],"wp:term":[{"taxonomy":"category","embeddable":true,"href":"https:\/\/www.amisdeportroyal.org\/societe\/index.php\/wp-json\/wp\/v2\/categories?post=24"},{"taxonomy":"post_tag","embeddable":true,"href":"https:\/\/www.amisdeportroyal.org\/societe\/index.php\/wp-json\/wp\/v2\/tags?post=24"}],"curies":[{"name":"wp","href":"https:\/\/api.w.org\/{rel}","templated":true}]}}