{"id":95,"date":"2014-12-22T21:23:42","date_gmt":"2014-12-22T20:23:42","guid":{"rendered":"http:\/\/www.amisdeportroyal.org\/societe\/index.php\/2014\/12\/22\/nicole-pierre-1625-1695\/"},"modified":"2025-02-20T11:15:50","modified_gmt":"2025-02-20T10:15:50","slug":"nicole-pierre-1625-1695","status":"publish","type":"page","link":"http:\/\/www.amisdeportroyal.org\/societe\/index.php\/nicole-pierre-1625-1695\/","title":{"rendered":"Nicole, Pierre (1625-1695)"},"content":{"rendered":"<p>N\u00e9 \u00e0 Chartres en 1625, Pierre Nicole est venu \u00e0 Port-Royal des Champs dans les ann\u00e9es 1650, \u00e0 l&rsquo;instigation de plusieurs de ses connaissances li\u00e9es \u00e0 l&rsquo;abbaye, dont une parente, l&rsquo;abbesse Marie des Anges Suireau. D&rsquo;abord ma\u00eetre en humanit\u00e9s aux Petites \u00c9coles, il participe aux travaux collectifs des Messieurs, dont la pr\u00e9paration des fameuses <em>Provinciales <\/em> de Pascal. Il est souvent consid\u00e9r\u00e9 comme le second d&rsquo;Arnauld, avec lequel il r\u00e9dige entre autres <em>La Logique<\/em> dite de Port-Royal (1662) et <em>La Perp\u00e9tuit\u00e9 de la foi <\/em> (1669). Excellent moraliste, il r\u00e9dige des <em>Essais de morale<\/em> dont les r\u00e9\u00e9ditions furent innombrables aux XVII<sup>e<\/sup> et XVIII<sup>e<\/sup> si\u00e8cles.<\/p>\n<p>Source : Th\u00e9r\u00e8se Month\u00e9ard, \u00ab\u00a0Quelques personnages illustres&#8230;\u00a0\u00bb, <em>Chroniques de Port-Royal<\/em>, 54, 2004.<\/p>\n","protected":false},"excerpt":{"rendered":"<p>N\u00e9 \u00e0 Chartres en 1625, Pierre Nicole est venu \u00e0 Port-Royal des Champs dans les ann\u00e9es 1650, \u00e0 l&rsquo;instigation de plusieurs de ses connaissances li\u00e9es \u00e0 l&rsquo;abbaye, dont une parente, l&rsquo;abbesse Marie des Anges Suireau. D&rsquo;abord ma\u00eetre en humanit\u00e9s aux &hellip; <a href=\"http:\/\/www.amisdeportroyal.org\/societe\/index.php\/nicole-pierre-1625-1695\/\">Continuer la lecture <span class=\"meta-nav\">&rarr;<\/span><\/a><\/p>\n","protected":false},"author":1,"featured_media":0,"parent":0,"menu_order":0,"comment_status":"closed","ping_status":"open","template":"","meta":[],"categories":[8],"tags":[],"_links":{"self":[{"href":"http:\/\/www.amisdeportroyal.org\/societe\/index.php\/wp-json\/wp\/v2\/pages\/95"}],"collection":[{"href":"http:\/\/www.amisdeportroyal.org\/societe\/index.php\/wp-json\/wp\/v2\/pages"}],"about":[{"href":"http:\/\/www.amisdeportroyal.org\/societe\/index.php\/wp-json\/wp\/v2\/types\/page"}],"author":[{"embeddable":true,"href":"http:\/\/www.amisdeportroyal.org\/societe\/index.php\/wp-json\/wp\/v2\/users\/1"}],"replies":[{"embeddable":true,"href":"http:\/\/www.amisdeportroyal.org\/societe\/index.php\/wp-json\/wp\/v2\/comments?post=95"}],"version-history":[{"count":2,"href":"http:\/\/www.amisdeportroyal.org\/societe\/index.php\/wp-json\/wp\/v2\/pages\/95\/revisions"}],"predecessor-version":[{"id":1895,"href":"http:\/\/www.amisdeportroyal.org\/societe\/index.php\/wp-json\/wp\/v2\/pages\/95\/revisions\/1895"}],"wp:attachment":[{"href":"http:\/\/www.amisdeportroyal.org\/societe\/index.php\/wp-json\/wp\/v2\/media?parent=95"}],"wp:term":[{"taxonomy":"category","embeddable":true,"href":"http:\/\/www.amisdeportroyal.org\/societe\/index.php\/wp-json\/wp\/v2\/categories?post=95"},{"taxonomy":"post_tag","embeddable":true,"href":"http:\/\/www.amisdeportroyal.org\/societe\/index.php\/wp-json\/wp\/v2\/tags?post=95"}],"curies":[{"name":"wp","href":"https:\/\/api.w.org\/{rel}","templated":true}]}}