{"id":91,"date":"2014-12-22T21:23:37","date_gmt":"2014-12-22T20:23:37","guid":{"rendered":"http:\/\/www.amisdeportroyal.org\/societe\/index.php\/2014\/12\/22\/lancelot-claude-1616-1695\/"},"modified":"2019-02-26T12:11:24","modified_gmt":"2019-02-26T11:11:24","slug":"lancelot-claude-1616-1695","status":"publish","type":"page","link":"http:\/\/www.amisdeportroyal.org\/societe\/index.php\/lancelot-claude-1616-1695\/","title":{"rendered":"Lancelot, Claude (1616-1695)"},"content":{"rendered":"<p>Lorsqu&rsquo;en mai 1638, Claude Lancelot se joint aux premiers ma\u00eetres et \u00e9l\u00e8ves des Petites \u00c9coles de Port-Royal des Champs, cela fait \u00e0 peine un an que, selon son plus cher d\u00e9sir, il est sous la conduite de l&rsquo;abb\u00e9 de Saint-Cyran. Il vient de passer environ la moiti\u00e9 de sa jeune existence aupr\u00e8s d&rsquo;Adrien Bourdoise, au sein de la communaut\u00e9 Saint-Nicolas du Chardonnet, o\u00f9 il a franchi les premiers degr\u00e9s de la cl\u00e9ricature. En raison de l&#8217;emprisonnement de l&rsquo;abb\u00e9 de Saint-Cyran et du d\u00e9c\u00e8s de celui-ci l&rsquo;ann\u00e9e m\u00eame de sa lib\u00e9ration, le jeune homme ne vivra que peu de temps aupr\u00e8s de son ma\u00eetre, mais il lui restera fid\u00e8le toute sa vie. Dans ses pr\u00e9cieux <em>M\u00e9moires<\/em>, qui lui vaudront le surnom d&rsquo; \u00ab\u00a0\u00e9vang\u00e9liste de Saint-Cyran\u00a0\u00bb, il raconte ce qui lui a \u00e9t\u00e9 donn\u00e9 de voir de l&rsquo;oeuvre spirituelle du pr\u00eatre que Port-Royal s&rsquo;est choisi pour guide.<\/p>\n<p>Contraint, au d\u00e9but des ann\u00e9es 1660, de quitter l&rsquo;abbaye des Champs, en raison des pers\u00e9cutions, Lancelot reste en contact \u00e9troit avec ses membres. \u00c0 partir de 1672, il se retite \u00e0 l&rsquo;abbaye de Saint-Cyran en Brenne, o\u00f9 il devient b\u00e9n\u00e9dictin. Exil\u00e9 en Bretagne, dans une retraite pr\u00e8s de l&rsquo;abbaye Sainte-Croix de Quimperl\u00e9, Dom Claude Lancelot a pr\u00e8s de quatre-vingts ans quand il conna\u00eet une mort aussi \u00e9difiante, aux dires des t\u00e9moins, que sa vie.<\/p>\n<p>Du triple point de vue chronologique, qualitatif et quantitatif, Lancelot est l&rsquo;un des tout premiers ma\u00eetres des Petites \u00c9coles de Port-Royal, lesquelles fonctionnent d&rsquo;abord \u00e0 Paris et aux Champs puis, \u00e0 partir de 1652-1653, sont install\u00e9es dans un b\u00e2timent construit aux Granges. Sa culture, sa science et ses dons de p\u00e9dagogue le placent au centre du dispositif \u00e9ducatif innovant voulu par Saint-Cyran. \u00c0 Port-Royal, l&rsquo;enseignement est fond\u00e9 sur le respect de l&rsquo;enfant, lequel re\u00e7oit, en m\u00eame temps qu&rsquo;une fine instruction, une \u00e9ducation plus chr\u00e9tienne que religieuse. Les \u00e9l\u00e8ves, r\u00e9partis par petits groupes, sont individuellement pris en charge par un ma\u00eetre. Ils b\u00e9n\u00e9ficient, chacun \u00e0 son rythme, d&rsquo;un enseignement suscitant la r\u00e9flexion, le plus souvent \u00e0 partir de textes de l&rsquo;Antiquit\u00e9 classique ou chr\u00e9tienne, auxquels chacun a directement acc\u00e8s. En effet, petite r\u00e9volution intellectuelle, Port-Royal enseigne aux jeunes le grec ancien, ce qui leur permet de se passer des traductions, c&rsquo;est-\u00e0-dire en fait des adaptations, faites \u00e0 partir du sempiternel latin. Antoine Arnauld a dit : \u00ab\u00a0on \u00e9tait suspect quand on savait le grec\u00a0\u00bb. Un symbole. De fait, combattues sans rel\u00e2che par d&rsquo;autres \u00e9tablissements religieux jaloux de leur succ\u00e8s, les Petites \u00c9coles, auxquelles les familles amies du monast\u00e8re confient leurs enfants, connaissent plusieurs fermetures et d\u00e9m\u00e9nagements, comme au Chesnay ou aux Trous, avant d&rsquo;\u00eatre interdites en 1660.<\/p>\n<p>Il nous reste un remarquable ensemble de livres p\u00e9dagogiques, \u00e9labor\u00e9s par les ma\u00eetres et utilis\u00e9s par leurs \u00e9l\u00e8ves. \u00c0 c\u00f4t\u00e9 de c\u00e9l\u00e8bres ouvrages comme la <em>Grammaire g\u00e9n\u00e9rale et raisonn\u00e9e<\/em>, \u00e9labor\u00e9e avec Arnauld, et le <em>Jardin des racines grecques<\/em>, r\u00e9dig\u00e9 avec Le Maistre de Sacy, Lancelot, par ailleurs f\u00e9ru de math\u00e9matiques, a produit une remarquable s\u00e9rie de quatre <em>Nouvelles<\/em> <em>m\u00e9thodes pour apprendre facilement les langues latine, grecque, espagnole et italienne<\/em>. La majorit\u00e9 des professeurs de Port-Royal, une trentaine d&rsquo;hommes jeunes, dynamiques et b\u00e9n\u00e9voles, pour la plupart, sont demeur\u00e9s dans l&rsquo;ombre, mais avec Lancelot, ils ont transmis le go\u00fbt du style et de l&rsquo;ind\u00e9pendance d&rsquo;esprit \u00e0 leurs \u00e9l\u00e8ves, parmi lesquels Racine, dont on retiendra l&rsquo;hommage: \u00ab\u00a0Ces ma\u00eetres n&rsquo;\u00e9taient pas des hommes ordinaires\u00a0\u00bb.<\/p>\n<p>Source: T. Month\u00e9ard, \u00ab\u00a0Quelques personnages illustres&#8230;\u00a0\u00bb, <em>Chroniques de Port-Royal<\/em>, num\u00e9ro sp\u00e9cial, 2004.<\/p>\n","protected":false},"excerpt":{"rendered":"<p>Lorsqu&rsquo;en mai 1638, Claude Lancelot se joint aux premiers ma\u00eetres et \u00e9l\u00e8ves des Petites \u00c9coles de Port-Royal des Champs, cela fait \u00e0 peine un an que, selon son plus cher d\u00e9sir, il est sous la conduite de l&rsquo;abb\u00e9 de Saint-Cyran. &hellip; <a href=\"http:\/\/www.amisdeportroyal.org\/societe\/index.php\/lancelot-claude-1616-1695\/\">Continuer la lecture <span class=\"meta-nav\">&rarr;<\/span><\/a><\/p>\n","protected":false},"author":1,"featured_media":0,"parent":0,"menu_order":0,"comment_status":"closed","ping_status":"open","template":"","meta":[],"categories":[8],"tags":[],"_links":{"self":[{"href":"http:\/\/www.amisdeportroyal.org\/societe\/index.php\/wp-json\/wp\/v2\/pages\/91"}],"collection":[{"href":"http:\/\/www.amisdeportroyal.org\/societe\/index.php\/wp-json\/wp\/v2\/pages"}],"about":[{"href":"http:\/\/www.amisdeportroyal.org\/societe\/index.php\/wp-json\/wp\/v2\/types\/page"}],"author":[{"embeddable":true,"href":"http:\/\/www.amisdeportroyal.org\/societe\/index.php\/wp-json\/wp\/v2\/users\/1"}],"replies":[{"embeddable":true,"href":"http:\/\/www.amisdeportroyal.org\/societe\/index.php\/wp-json\/wp\/v2\/comments?post=91"}],"version-history":[{"count":3,"href":"http:\/\/www.amisdeportroyal.org\/societe\/index.php\/wp-json\/wp\/v2\/pages\/91\/revisions"}],"predecessor-version":[{"id":1890,"href":"http:\/\/www.amisdeportroyal.org\/societe\/index.php\/wp-json\/wp\/v2\/pages\/91\/revisions\/1890"}],"wp:attachment":[{"href":"http:\/\/www.amisdeportroyal.org\/societe\/index.php\/wp-json\/wp\/v2\/media?parent=91"}],"wp:term":[{"taxonomy":"category","embeddable":true,"href":"http:\/\/www.amisdeportroyal.org\/societe\/index.php\/wp-json\/wp\/v2\/categories?post=91"},{"taxonomy":"post_tag","embeddable":true,"href":"http:\/\/www.amisdeportroyal.org\/societe\/index.php\/wp-json\/wp\/v2\/tags?post=91"}],"curies":[{"name":"wp","href":"https:\/\/api.w.org\/{rel}","templated":true}]}}