{"id":130,"date":"2014-12-22T21:21:28","date_gmt":"2014-12-22T20:21:28","guid":{"rendered":"http:\/\/www.amisdeportroyal.org\/societe\/index.php\/2014\/12\/22\/portrait-de-mere-angelique\/"},"modified":"2019-02-25T17:06:13","modified_gmt":"2019-02-25T16:06:13","slug":"portrait-de-mere-angelique","status":"publish","type":"page","link":"http:\/\/www.amisdeportroyal.org\/societe\/index.php\/portrait-de-mere-angelique\/","title":{"rendered":"Portrait de M\u00e8re Ang\u00e9lique"},"content":{"rendered":"<p>Champaigne portraitura \u00e0 plusieurs reprises les Messieurs et les religieuses, malgr\u00e9 la r\u00e9pugnance des jans\u00e9nistes pour la vanit\u00e9 des portraits: \u00ab\u00a0Je ne puis vous pardonner le vain d\u00e9sir que vous avez d&rsquo;avoir mon portrait\u00a0\u00bb, disait M\u00e8re Ang\u00e9lique.<\/p>\n<p>S&rsquo;il ne fut en rien un peintre jans\u00e9niste (le mot n&rsquo;a d&rsquo;ailleurs pas grand sens), il n&rsquo;en reste pas moins que Champaigne a su exprimer dans ses toiles l&rsquo;essence m\u00eame de la spiritualit\u00e9 de Port-Royal: dans son portrait de M\u00e8re Ang\u00e9lique en buste, par exemple (1648, Mus\u00e9e national du Ch\u00e2teau de Versailles), Champaigne \u00e9limine tout \u00e9l\u00e9ment narratif et pr\u00e9sente son mod\u00e8le en \u00e9tat de repos, de fa\u00e7on \u00e0 d\u00e9gager sa v\u00e9ritable nature. \u00ab\u00a0Ce n&rsquo;est pas la repr\u00e9sentation de l&rsquo;instant qui int\u00e9resse le peintre, mais celle de la permanence de l&rsquo;\u00eatre\u00a0\u00bb (S. Lely). Ce qui frappe d&#8217;embl\u00e9e dans le portrait de la M\u00e8re Ang\u00e9lique, c&rsquo;est l&rsquo;aust\u00e9rit\u00e9 du costume monastique qui enferme le corps comme une cl\u00f4ture, redoubl\u00e9e par le parapet de pierre, l&rsquo;aust\u00e9rit\u00e9 aussi de la gamme chromatique, limit\u00e9e au blanc, gris et noir que r\u00e9chauffe seulement le rouge de la croix du scapulaire. Toute l&rsquo;attention se concentre sur le visage, dont les caract\u00e9ristiques sont restitu\u00e9es sans aucune flatterie, et sur le regard direct, qui semble scruter le spectateur avec acuit\u00e9 mais sans duret\u00e9.<\/p>\n","protected":false},"excerpt":{"rendered":"<p>Champaigne portraitura \u00e0 plusieurs reprises les Messieurs et les religieuses, malgr\u00e9 la r\u00e9pugnance des jans\u00e9nistes pour la vanit\u00e9 des portraits: \u00ab\u00a0Je ne puis vous pardonner le vain d\u00e9sir que vous avez d&rsquo;avoir mon portrait\u00a0\u00bb, disait M\u00e8re Ang\u00e9lique. S&rsquo;il ne fut &hellip; <a href=\"http:\/\/www.amisdeportroyal.org\/societe\/index.php\/portrait-de-mere-angelique\/\">Continuer la lecture <span class=\"meta-nav\">&rarr;<\/span><\/a><\/p>\n","protected":false},"author":1,"featured_media":129,"parent":0,"menu_order":0,"comment_status":"closed","ping_status":"open","template":"","meta":[],"categories":[15],"tags":[],"_links":{"self":[{"href":"http:\/\/www.amisdeportroyal.org\/societe\/index.php\/wp-json\/wp\/v2\/pages\/130"}],"collection":[{"href":"http:\/\/www.amisdeportroyal.org\/societe\/index.php\/wp-json\/wp\/v2\/pages"}],"about":[{"href":"http:\/\/www.amisdeportroyal.org\/societe\/index.php\/wp-json\/wp\/v2\/types\/page"}],"author":[{"embeddable":true,"href":"http:\/\/www.amisdeportroyal.org\/societe\/index.php\/wp-json\/wp\/v2\/users\/1"}],"replies":[{"embeddable":true,"href":"http:\/\/www.amisdeportroyal.org\/societe\/index.php\/wp-json\/wp\/v2\/comments?post=130"}],"version-history":[{"count":2,"href":"http:\/\/www.amisdeportroyal.org\/societe\/index.php\/wp-json\/wp\/v2\/pages\/130\/revisions"}],"predecessor-version":[{"id":1841,"href":"http:\/\/www.amisdeportroyal.org\/societe\/index.php\/wp-json\/wp\/v2\/pages\/130\/revisions\/1841"}],"wp:featuredmedia":[{"embeddable":true,"href":"http:\/\/www.amisdeportroyal.org\/societe\/index.php\/wp-json\/wp\/v2\/media\/129"}],"wp:attachment":[{"href":"http:\/\/www.amisdeportroyal.org\/societe\/index.php\/wp-json\/wp\/v2\/media?parent=130"}],"wp:term":[{"taxonomy":"category","embeddable":true,"href":"http:\/\/www.amisdeportroyal.org\/societe\/index.php\/wp-json\/wp\/v2\/categories?post=130"},{"taxonomy":"post_tag","embeddable":true,"href":"http:\/\/www.amisdeportroyal.org\/societe\/index.php\/wp-json\/wp\/v2\/tags?post=130"}],"curies":[{"name":"wp","href":"https:\/\/api.w.org\/{rel}","templated":true}]}}